 7. Let d be a(5). Suppose -76*w + 36 = -74*w. Calculate the greatest common divisor of d and w.
18
Suppose 5*u - 420 = 5*c - 9*c, -84 = -u + 5*c. Calculate the highest common divisor of u and 12.
12
Let j be 3*(127/7 - 11/77). What is the greatest common divisor of 90 and j?
18
Let u be 36*((-133)/(-14) + -7). What is the greatest common factor of u and 80?
10
Suppose -2*h - 7*n = -3*n - 2620, h - 1303 = 5*n. What is the highest common factor of 12 and h?
12
Let w = 1 - -1. Let v be 4/(-8)*(12 - 6). Let n be (v/3)/(4/(-20)). What is the greatest common divisor of n and w?
1
Suppose -3*n = 2*n - 5. Let q be n*3/(-3) - -37. Let h be 0 + (6 - (5 + -3)). Calculate the greatest common factor of h and q.
4
Let n be (60/7)/(2/7). Let i(d) = 7*d - 1. Let p = 0 + 1. Let b be i(p). Calculate the highest common factor of n and b.
6
Suppose -2*a = 2*c, 2*c + 2 = -c - 5*a. Let u = 7 + -2. Calculate the greatest common divisor of c and u.
1
Let o(u) = -u**3 - 11*u**2 + u + 11. Suppose -14*k - 132 = -3*k. Let a be o(k). Calculate the greatest common divisor of 13 and a.
13
Suppose 5*r + 8 = -c, r + 3*r - 5*c = -18. Let y = 0 - r. Let g(t) = t**3 - 2*t**2 + t. Let f be g(y). Calculate the greatest common factor of f and 2.
2
Suppose -10112 = 216*w - 219*w - 5*g, -5*g = -2*w + 6758. What is the highest common divisor of w and 14?
14
Suppose 0 = -5*c - 10*i + 5*i + 400, 4*c - 296 = 2*i. Let k = -68 + c. What is the highest common factor of 2 and k?
2
Let j(z) = -z**2 - 6*z. Let l be j(-6). Suppose y = -l*y + 37. Let h = y - 14. What is the greatest common divisor of 184 and h?
23
Let p(n) = 191*n + 89. Let r be p(1). What is the highest common divisor of r and 56?
56
Suppose -3*w + 5*v = -0*v - 137, -5*w = 2*v - 218. What is the highest common factor of 44 and w?
44
Let j(w) = -w**3 - 15*w**2 - w - 10. Let q be j(-15). What is the highest common factor of 295 and q?
5
Let v(y) = -y + 11. Let c be v(9). Let w be c - ((-1 - 0) + -1). Suppose -4*q + 26 + 6 = -5*g, -q - w*g - 13 = 0. What is the highest common divisor of q and 3?
3
Suppose -12*n = 660 - 2208. Suppose -6*j + j + 76 = 2*c, -4*j = -4*c + 180. What is the greatest common factor of c and n?
43
Let n(w) = -w + 4. Let x be n(9). Let g be 4/x*(0 - 110). What is the highest common divisor of g and 8?
8
Suppose 7*i + 8 = 5*i. Let h be (0 - -10)/(i/(-32)). Let z be 7*(h/28 + 0). What is the highest common divisor of 4 and z?
4
Let f be 5 + 1*3/(-3). Suppose 2 = -f*m + 5*m + q, 2*m - 5*q + 17 = 0. Let l be m/(((-2)/13)/2). What is the greatest common divisor of 39 and l?
13
Let m(w) be the second derivative of w**4/4 + 3*w**3/2 - 3*w**2/2 + 4*w - 5. Let g be m(7). What is the greatest common factor of 9 and g?
9
Suppose -n - 28 = 5*d - 0*n, d = -3*n. Let f be d/((-6)/(-5)) + 17. Calculate the greatest common factor of 18 and f.
6
Suppose 30 = -0*g + g. Let i = g - 18. Suppose 0 = -31*r + 40*r - 864. What is the highest common divisor of r and i?
12
Suppose -300 + 36 = -8*o. Calculate the highest common factor of o and 9.
3
Suppose -3*r + f + 31 = -0*f, 4*r + 5*f = 54. Suppose -9*s - 64 = -r*s. Calculate the highest common divisor of s and 64.
32
Let k be (210/15 + -15)*(0 + -4). What is the highest common divisor of 692 and k?
4
Suppose 4*t - 31 = 5*p - 1185, 2*p - 3*t = 463. What is the highest common divisor of 46 and p?
46
Let d = -224 - -289. What is the highest common factor of 26 and d?
13
Let j(i) = -12*i - 1. Let c be j(-2). Let p = c + -29. Let u be 27/p*-2 + 0. What is the highest common factor of 45 and u?
9
Suppose 10*m + 15 = 15*m. Let z = 87 + -61. Let n be 1 + 1 + -1 + z. What is the highest common divisor of m and n?
3
Let w = 3118 + -2953. Calculate the greatest common divisor of w and 825.
165
Suppose -2*h - 490 = -5*h + 4*m, -4*h - m + 685 = 0. What is the highest common factor of 17 and h?
17
Let d(a) = 9*a**2 - 34*a - 5. Let p be d(5). Suppose -4*o + 27 = 2*w - 15, -4*w = 3*o - 84. Let q = w - 11. What is the greatest common factor of q and p?
10
Suppose 0 = -12*f + 11*f + 1. Let s be (-3)/6*0 - f. Let k be ((-1)/s)/(3/90). What is the highest common factor of 10 and k?
10
Let q(c) = c**2 - 8*c - 3. Let f be q(10). Let o = f - 18. Let p be (o + 16)*(-80)/(-100). What is the highest common factor of p and 108?
12
Let n(x) = x - 11. Let r(g) = 4*g + 1. Let k be r(2). Let p be n(k). Let j be (2/4)/(p/(-228)). Calculate the highest common divisor of j and 19.
19
Let v = 1 - 0. Suppose 0 = 2*i - 5*h - 20, 2*i = -9*h + 4*h + 40. Let y = 24 - i. Calculate the highest common factor of v and y.
1
Let f = 37 + -2. Let x be 1/(-3)*(5 - -10). Let s = 19 + x. Calculate the highest common factor of f and s.
7
Let z = 29 + 8. Let o = z + 138. What is the highest common factor of o and 25?
25
Suppose 35 = 4*f - 129. Suppose 40 = 9*d - f. What is the greatest common divisor of 18 and d?
9
Let d be 24 + (0 - (-1 + 0) - 1). Suppose 4*t + 2*s = 188, 4*s + d + 5 = t. Calculate the highest common factor of 9 and t.
9
Let u = -3 - -5. Suppose -5*k + 22 = 2*n - u*k, 0 = -2*n - 4*k + 24. Let g = -579 + 583. What is the highest common factor of g and n?
4
Suppose 325 = 5*t - 7*d + 2*d, d = -3*t + 199. What is the greatest common factor of 33 and t?
33
Suppose -4 = r - 4*b + 12, -5*b = -4*r - 9. Suppose r*f = -f - v + 14, -2*v + 6 = -f. Let z = -21 - -35. Calculate the highest common factor of z and f.
2
Let j be (14/(-35))/((-2)/190). Let k = 142 + j. Suppose -3*m + 25 = -35. What is the greatest common divisor of m and k?
20
Let n = 1568 - 1172. What is the highest common divisor of 108 and n?
36
Let f = -3 - -4. Let n be f + -3 + -3 + 8. Suppose -4*y + 141 = -n*o, y - 6 = -o + 24. Calculate the greatest common factor of y and 3.
3
Suppose -48 = 5*q - 21*q. What is the highest common factor of q and 57?
3
Let h = 822 + -792. What is the highest common divisor of 330 and h?
30
Suppose 2*f - 4 = -2*v - 28, -2*v - 75 = 5*f. Let y = f - -19. Suppose -89 = -3*g - 2*r, -y*r + 5*r + 37 = g. Calculate the greatest common factor of g and 279.
31
Let k be (-6)/(-10) - 1 - (-9418)/170. Calculate the greatest common factor of k and 99.
11
Suppose 509 = 4*t - 11. Suppose 0 = -b - 4*j + 29, b = 4*j + j - 7. Calculate the highest common divisor of b and t.
13
Suppose 56 - 32 = 4*v. Let w = 8 + -3. Let g = w + v. Calculate the highest common factor of g and 77.
11
Suppose 4*g = 2*g. Let x = 4 + g. Suppose 0 = -2*w - w - i + 28, 3*w = -x*i + 31. Calculate the highest common factor of w and 9.
9
Suppose -5*n + 2*d + 804 = -70, 3*n = d + 525. Calculate the greatest common factor of 44 and n.
44
Suppose 0 = -3*y - 0*i + 3*i + 24, -2*i = y + 7. Suppose 0 = -y*v - 7 + 109. Calculate the greatest common divisor of v and 85.
17
Suppose -135 = 12*d - 351. What is the greatest common factor of 1422 and d?
18
Suppose 2*p = -5*p. Let j = -13 + 15. Suppose j*u - 4 = -p, -3*u - 10 = -o. Calculate the highest common divisor of 2 and o.
2
Let t = 809 + -631. What is the greatest common divisor of t and 89?
89
Suppose 2*n + 0*o = -2*o + 24, -5*o = 2*n - 27. Suppose 22*l - 18*l = 484. Calculate the highest common factor of l and n.
11
Let u(p) = 2*p + 42. Let t be ((0 - 1) + (-40)/16)*4. Let r be u(t). What is the greatest common factor of 42 and r?
14
Let b be -2*(1/(-2) - 1). Suppose 17*f - 19*f + 2 = 0. Let d be 0 - -4 - (f + 0). Calculate the highest common divisor of d and b.
3
Let y be 990/81 - 2/9. What is the highest common divisor of y and 564?
12
Let g be (-144)/(-12) + (1 - 1). Let z(t) = -3*t**2 - 2*t + 1. Let k be z(-2). Let j = 10 + k. What is the highest common factor of j and g?
3
Let n be 2/(-9) + 34/(-9). Let q = -23 - n. Let z = -7 - q. Calculate the greatest common divisor of 60 and z.
12
Let o = -1 + 3. Suppose o*i = w + 3*i - 3, 10 = 4*w + 2*i. Suppose 672 = 4*u + w*m, u + m = -3*m + 168. What is the greatest common divisor of 21 and u?
21
Suppose -h + 28 = -5*h. Let d = -2 - h. Suppose -2*o - 1 + d = 0. What is the highest common factor of o and 1?
1
Suppose 5*i - 572 - 2643 = 0. Suppose 0 = 5*g + 198 - i. Let t be (-12)/(-15)*(g - -1). What is the highest common divisor of t and 8?
8
Let v(x) = -x**3 + 3*x**2 - x + 7. Suppose -13 = -4*u - 1. Let p be v(u). What is the highest common factor of 20 and p?
4
Suppose -24 =